{"id":7,"date":"2020-02-19T12:43:31","date_gmt":"2020-02-19T11:43:31","guid":{"rendered":"http:\/\/fidjs.be\/?page_id=7"},"modified":"2020-02-25T13:22:56","modified_gmt":"2020-02-25T12:22:56","slug":"historique","status":"publish","type":"page","link":"https:\/\/fidjs.be\/index.php\/historique\/","title":{"rendered":"Historique"},"content":{"rendered":"\r\n<p>En 1978, gr\u00e2ce \u00e0 l\u2019esprit d\u2019entreprise de M. Simon Jacquart et\u00a0 de son \u00e9pouse Mme Marie-Ange Soudan, le cabinet Jacquart-Soudan voit le jour.<\/p>\r\n<p>Au fil des ann\u00e9es, le cabinet s&rsquo;est sp\u00e9cialis\u00e9 dans le domaine des conseils fiscaux et de la tenue des comptabilit\u00e9s tant en personne physique qu&rsquo;en professions lib\u00e9rales et soci\u00e9t\u00e9s.\u00a0<\/p>\r\n\r\n\r\n\r\n\r\n\r\n<p>En 2020, d\u00e9sirant se tourner vers l&rsquo;avenir, le cabinet Jacquart-Soudan s&rsquo;associe avec Mme M\u00e9lodie Seco. Une nouvelle collaboration de fiscalistes voit le jour sous l&rsquo;appellation Jacquart-Seco.<\/p>\r\n\r\n\r\n","protected":false},"excerpt":{"rendered":"<p>En 1978, gr\u00e2ce \u00e0 l\u2019esprit d\u2019entreprise de M. Simon Jacquart et\u00a0 de son \u00e9pouse Mme Marie-Ange Soudan, le cabinet Jacquart-Soudan voit le jour. Au fil des ann\u00e9es, le cabinet s&rsquo;est sp\u00e9cialis\u00e9 dans le domaine des conseils fiscaux et de la tenue des comptabilit\u00e9s tant en personne physique qu&rsquo;en professions lib\u00e9rales et soci\u00e9t\u00e9s.\u00a0 En 2020, d\u00e9sirant [&hellip;]<\/p>\n","protected":false},"author":1,"featured_media":0,"parent":0,"menu_order":0,"comment_status":"closed","ping_status":"closed","template":"","meta":{"footnotes":""},"class_list":["post-7","page","type-page","status-publish","hentry"],"_links":{"self":[{"href":"https:\/\/fidjs.be\/index.php\/wp-json\/wp\/v2\/pages\/7","targetHints":{"allow":["GET"]}}],"collection":[{"href":"https:\/\/fidjs.be\/index.php\/wp-json\/wp\/v2\/pages"}],"about":[{"href":"https:\/\/fidjs.be\/index.php\/wp-json\/wp\/v2\/types\/page"}],"author":[{"embeddable":true,"href":"https:\/\/fidjs.be\/index.php\/wp-json\/wp\/v2\/users\/1"}],"replies":[{"embeddable":true,"href":"https:\/\/fidjs.be\/index.php\/wp-json\/wp\/v2\/comments?post=7"}],"version-history":[{"count":3,"href":"https:\/\/fidjs.be\/index.php\/wp-json\/wp\/v2\/pages\/7\/revisions"}],"predecessor-version":[{"id":96,"href":"https:\/\/fidjs.be\/index.php\/wp-json\/wp\/v2\/pages\/7\/revisions\/96"}],"wp:attachment":[{"href":"https:\/\/fidjs.be\/index.php\/wp-json\/wp\/v2\/media?parent=7"}],"curies":[{"name":"wp","href":"https:\/\/api.w.org\/{rel}","templated":true}]}}