{"id":12,"date":"2020-02-19T12:43:32","date_gmt":"2020-02-19T11:43:32","guid":{"rendered":"http:\/\/fidjs.be\/?page_id=12"},"modified":"2021-09-14T14:32:39","modified_gmt":"2021-09-14T12:32:39","slug":"accueil","status":"publish","type":"page","link":"https:\/\/fidjs.be\/","title":{"rendered":"Accueil"},"content":{"rendered":"\n<p class=\"has-text-color has-very-dark-gray-color\"><p>La Fiduciaire Jacquart &amp; Seco vous souhaite la bienvenue sur son site Internet.<\/p><\/p>\n\n\n\n<p>Vous cherchez un accompagnement dans la gestion de votre comptabilit\u00e9 ou de votre fiscalit\u00e9&nbsp;?<\/p>\n\n\n\n<p>Notre cabinet traite toute question fiscale en mati\u00e8re d\u2019imp\u00f4ts directs et de TVA.<\/p>\n\n\n\n<p>Depuis plus de 25 ans, situ\u00e9 \u00e0 Hollain, dans le Hainaut, nos bureaux sont compos\u00e9s d\u2019un \u00e9quipe familiale de fiscalistes.<\/p>\n\n\n\n<p>Notre objectif&nbsp;?<\/p>\n\n\n\n<p>Etre pr\u00e9sents pour vous \u00e9pauler \u00e0 chaque \u00e9tape de votre d\u00e9veloppement professionnel.<\/p>\n\n\n\n<p>Vous \u00e9couter et vous conseiller au mieux afin que vous puissiez prendre les meilleures d\u00e9cisions.<\/p>\n\n\n\n<p>N\u2019h\u00e9sitez pas \u00e0 prendre contact avec nous&nbsp;:<\/p>\n\n\n\n<p><a href=\"http:\/\/www.fidjs.be\/\">www.fidjs.be<\/a>&nbsp; &nbsp; &nbsp; |&nbsp; &nbsp; &nbsp; <a href=\"mailto:info@fidjs.be\">info@fidjs.be<\/a>&nbsp; &nbsp; &nbsp; |&nbsp; &nbsp; &nbsp; 0032 69 34 45 67<\/p>\n","protected":false},"excerpt":{"rendered":"<p>La Fiduciaire Jacquart &amp; Seco vous souhaite la bienvenue sur son site Internet. Vous cherchez un accompagnement dans la gestion de votre comptabilit\u00e9 ou de votre fiscalit\u00e9&nbsp;? Notre cabinet traite toute question fiscale en mati\u00e8re d\u2019imp\u00f4ts directs et de TVA. Depuis plus de 25 ans, situ\u00e9 \u00e0 Hollain, dans le Hainaut, nos bureaux sont compos\u00e9s [&hellip;]<\/p>\n","protected":false},"author":1,"featured_media":0,"parent":0,"menu_order":0,"comment_status":"closed","ping_status":"closed","template":"","meta":{"footnotes":""},"class_list":["post-12","page","type-page","status-publish","hentry"],"_links":{"self":[{"href":"https:\/\/fidjs.be\/index.php\/wp-json\/wp\/v2\/pages\/12","targetHints":{"allow":["GET"]}}],"collection":[{"href":"https:\/\/fidjs.be\/index.php\/wp-json\/wp\/v2\/pages"}],"about":[{"href":"https:\/\/fidjs.be\/index.php\/wp-json\/wp\/v2\/types\/page"}],"author":[{"embeddable":true,"href":"https:\/\/fidjs.be\/index.php\/wp-json\/wp\/v2\/users\/1"}],"replies":[{"embeddable":true,"href":"https:\/\/fidjs.be\/index.php\/wp-json\/wp\/v2\/comments?post=12"}],"version-history":[{"count":8,"href":"https:\/\/fidjs.be\/index.php\/wp-json\/wp\/v2\/pages\/12\/revisions"}],"predecessor-version":[{"id":230,"href":"https:\/\/fidjs.be\/index.php\/wp-json\/wp\/v2\/pages\/12\/revisions\/230"}],"wp:attachment":[{"href":"https:\/\/fidjs.be\/index.php\/wp-json\/wp\/v2\/media?parent=12"}],"curies":[{"name":"wp","href":"https:\/\/api.w.org\/{rel}","templated":true}]}}